{"id":325,"date":"2022-04-21T00:05:39","date_gmt":"2022-04-21T00:05:39","guid":{"rendered":"https:\/\/animaltech.com.uy\/sitio\/?page_id=325"},"modified":"2022-05-25T14:07:39","modified_gmt":"2022-05-25T14:07:39","slug":"tecnologias-automatizacion-ordeno","status":"publish","type":"page","link":"https:\/\/animaltech.com.uy\/sitio\/soluciones\/tecnologias-automatizacion-ordeno\/","title":{"rendered":"Tecnolog\u00edas de automatizaci\u00f3n de orde\u00f1o"},"content":{"rendered":"\n<p><\/p>\n\n\n\n<p><\/p>\n\n\n\n<section id=\"gmdc1f762\" class=\"wp-block-gutentor-m2 section-gmdc1f762 gutentor-module gutentor-dynamic-columns gutentor-bshape-fv g-pos-r-desktop g-pos-r-tablet g-pos-r-mobile g-pos-custom-desktop g-pos-custom-tablet g-pos-custom-mobile gutentor-equal-column-height\"><div class=\"grid-container\"><div class=\"grid-row\">\n<div id=\"col-gm9f012a\" class=\"wp-block-gutentor-m2-col col-gm9f012a gutentor-module gutentor-dynamic-single-column grid-lg-6 grid-md-6 grid-12\"><div id=\"section-gm9f012a\" class=\"section-gm9f012a gutentor-single-col has-image-bg has-custom-bg\">\n<div id=\"section-gb93a7b\" class=\"wp-block-gutentor-e6 section-gb93a7b gutentor-element gutentor-element-image g-pos-d-desktop g-pos-d-tablet g-pos-d-mobile text-align-center-desktop text-align-center-mobile\"><div class=\"gutentor-element-image-box\"><div class=\"gutentor-image-thumb\"><img decoding=\"async\" class=\"normal-image\" src=\"https:\/\/animaltech.com.uy\/sitio\/wp-content\/uploads\/2022\/04\/foto45.jpg\"\/><\/div><\/div><\/div>\n<\/div><\/div>\n\n\n\n<div id=\"col-gm1e1596\" class=\"wp-block-gutentor-m2-col col-gm1e1596 gutentor-module gutentor-dynamic-single-column grid-lg-6 grid-md-6 grid-12\"><div id=\"section-gm1e1596\" class=\"section-gm1e1596 gutentor-single-col\">\n<div id=\"section-gf97254\" class=\"wp-block-gutentor-e1 section-gf97254 gutentor-element gutentor-element-advanced-text gutentor-width-enabled enable-title-design text-align-left-desktop text-align-left-tablet text-align-left-mobile\"><div class=\"gutentor-text-wrap divider-left\"><div class=\"gutentor-separator gutentor-separator-before border-solid\"><\/div><span class=\"gutentor-text\">Tecnolog\u00edas de automatizaci\u00f3n de orde\u00f1o<\/span><\/div><\/div>\n\n\n\n<div id=\"section-ge9b27e\" class=\"wp-block-gutentor-e1 section-ge9b27e gutentor-element gutentor-element-advanced-text text-align-left-desktop text-align-left-tablet text-align-left-mobile\"><div class=\"gutentor-text-wrap\"><p class=\"gutentor-text\"><br>Las tecnolog\u00edas de automatizaci\u00f3n de orde\u00f1o Allflex Livestock Intelligence brindan soluciones de orde\u00f1o avanzadas que son altamente confiables, precisas y requieren poco mantenimiento. Las soluciones basadas en Allflex mejoran el orde\u00f1o, ahorran tiempo, aumentan la precisi\u00f3n y mejoran el bienestar de las vacas y los trabajadores. Fueron desarrollados junto con productores de leche para abordar las necesidades de los productores de un proceso de orde\u00f1o eficiente y productivo que no requiere habilidades especiales.<br><\/p><\/div><\/div>\n<\/div><\/div>\n<\/div><\/div><\/section>\n\n\n\n<div class=\"wp-block-columns is-layout-flex wp-container-core-columns-is-layout-9d6595d7 wp-block-columns-is-layout-flex\">\n<div class=\"wp-block-column is-layout-flow wp-block-column-is-layout-flow\">\n<div id=\"section-g7e1d25\" class=\"wp-block-gutentor-e1 section-g7e1d25 gutentor-element gutentor-element-advanced-text text-align-center-desktop\"><div class=\"gutentor-text-wrap\"><p class=\"gutentor-text\"><strong>Los pioneros en tecnolog\u00edas de automatizaci\u00f3n del orde\u00f1o<\/strong><\/p><\/div><\/div>\n\n\n\n<div class=\"wp-block-columns is-layout-flex wp-container-core-columns-is-layout-9d6595d7 wp-block-columns-is-layout-flex\">\n<div class=\"wp-block-column is-layout-flow wp-block-column-is-layout-flow\">\n<div id=\"section-g6055ba\" class=\"wp-block-gutentor-e1 section-g6055ba gutentor-element gutentor-element-advanced-text text-align-left-desktop\"><div class=\"gutentor-text-wrap\"><p class=\"gutentor-text\">Basado en el desarrollo original iniciado hace m\u00e1s de 40 a\u00f1os y mejorado continuamente a lo largo de los a\u00f1os, nuestras tecnolog\u00edas de automatizaci\u00f3n de orde\u00f1o se han convertido en el est\u00e1ndar l\u00edder en el mercado. Los granjeros exitosos de todo el mundo dependen de nuestras tecnolog\u00edas y soluciones de automatizaci\u00f3n del orde\u00f1o. M\u00e1s de 500 000 de nuestros dispositivos electr\u00f3nicos de medici\u00f3n de la leche est\u00e1n instalados en todo el mundo, y nuestras tecnolog\u00edas de automatizaci\u00f3n del orde\u00f1o sirven a m\u00e1s de 12 millones de vacas.<br>Nuestros componentes de orde\u00f1o est\u00e1n disponibles como soluciones independientes y tambi\u00e9n est\u00e1n integrados en los sistemas de orde\u00f1o de varias otras empresas. La modularidad y escalabilidad de nuestros sistemas los hacen adecuados para la mayor\u00eda de los tipos de soluciones de orde\u00f1o existentes en granjas peque\u00f1as y grandes. Los granjeros pueden comenzar con una configuraci\u00f3n peque\u00f1a o simple y luego actualizarla a medida que cambien sus necesidades, independientemente del tipo o tama\u00f1o de la sala de orde\u00f1o.<br>Nuestras soluciones controlan todo el proceso de orde\u00f1o, midiendo el rendimiento y brindando una soluci\u00f3n completa para pulsaci\u00f3n, despegue autom\u00e1tico, visualizaci\u00f3n y alertas. Son altamente configurables, para adaptarse a cualquier granja y sal\u00f3n.<\/p><\/div><\/div>\n<\/div>\n<\/div>\n<\/div>\n<\/div>\n\n\n\n<div class=\"wp-block-columns is-layout-flex wp-container-core-columns-is-layout-9d6595d7 wp-block-columns-is-layout-flex\">\n<div class=\"wp-block-column is-layout-flow wp-block-column-is-layout-flow\">\n<div id=\"section-g8c3e88\" class=\"wp-block-gutentor-e1 section-g8c3e88 gutentor-element gutentor-element-advanced-text text-align-center-desktop text-align-center-tablet text-align-center-mobile\"><div class=\"gutentor-text-wrap\"><p class=\"gutentor-text\"><img loading=\"lazy\" decoding=\"async\" width=\"125\" height=\"125\" class=\"wp-image-472\" style=\"width: 125px;\" src=\"https:\/\/animaltech.com.uy\/sitio\/wp-content\/uploads\/2022\/05\/inteligencia_de_rebano-icon.png\" alt=\"\"><br><strong>Inteligencia de reba\u00f1o<\/strong><br>Las soluciones Allflex Livestock Herd Intelligence son sistemas avanzados y escalables que permiten la utilizaci\u00f3n inteligente de los datos proporcionados por las soluciones de orde\u00f1o y monitoreo de vacas de Allflex. Nuestros sistemas basados \u200b\u200ben software y hardware brindan poderosas herramientas de administraci\u00f3n, que incluyen informes, gr\u00e1ficos, an\u00e1lisis, listas de tareas e historial de tarjetas de vacas de por vida.<br>Nuestras soluciones permiten el control y el soporte de otros componentes, como puertas de clasificaci\u00f3n, alimentaci\u00f3n individual, tablero de mensajes en la sala y m\u00e1s.<\/p><\/div><\/div>\n<\/div>\n\n\n\n<div class=\"wp-block-column is-layout-flow wp-block-column-is-layout-flow\">\n<div id=\"section-g76a478\" class=\"wp-block-gutentor-e1 section-g76a478 gutentor-element gutentor-element-advanced-text text-align-center-desktop text-align-center-mobile\"><div class=\"gutentor-text-wrap\"><p class=\"gutentor-text\"><img loading=\"lazy\" decoding=\"async\" width=\"125\" height=\"125\" class=\"wp-image-473\" style=\"width: 125px;\" src=\"https:\/\/animaltech.com.uy\/sitio\/wp-content\/uploads\/2022\/05\/sistemas_de_control_de_ordeno-icon.png\" alt=\"\"><br><strong>Sistemas de control de orde\u00f1o<\/strong><br>Los controladores de orde\u00f1o Allflex Livestock Intelligence proporcionan el mejor rendimiento de orde\u00f1o de su clase, con una combinaci\u00f3n \u00fanica de amplias opciones configurables, robustez y facilidad de uso. Muestran solo la informaci\u00f3n relevante para el operador, lo que permite un proceso de orde\u00f1o r\u00e1pido y amigable con las vacas.<br>El sistema es modular y se puede instalar con o sin software de identificaci\u00f3n de animales y gesti\u00f3n de reba\u00f1os.<\/p><\/div><\/div>\n<\/div>\n\n\n\n<div class=\"wp-block-column is-layout-flow wp-block-column-is-layout-flow\">\n<div id=\"section-g618e58\" class=\"wp-block-gutentor-e1 section-g618e58 gutentor-element gutentor-element-advanced-text text-align-center-desktop text-align-center-mobile\"><div class=\"gutentor-text-wrap\"><p class=\"gutentor-text\"><img loading=\"lazy\" decoding=\"async\" width=\"125\" height=\"125\" class=\"wp-image-474\" style=\"width: 125px;\" src=\"https:\/\/animaltech.com.uy\/sitio\/wp-content\/uploads\/2022\/05\/soluciones_de_pulsacion_inteligente-icon.png\" alt=\"\"><br><strong>Soluciones de pulsaci\u00f3n inteligente<\/strong><br>Las v\u00e1lvulas de control y los pulsadores inteligentes Allflex Livestock Intelligence ofrecen un funcionamiento altamente fiable. Incorporando m\u00e1s de 40 a\u00f1os de extensa investigaci\u00f3n de campo y numerosas caracter\u00edsticas \u00fanicas, nuestros pulsadores inteligentes est\u00e1n instalados en decenas de miles de puntos de orde\u00f1o en todo el mundo.<br>El dise\u00f1o aerodin\u00e1mico de los pulsadores Allflex los hace f\u00e1ciles de instalar, monitorear y reemplazar, incluso durante el orde\u00f1o.<br><\/p><\/div><\/div>\n<\/div>\n<\/div>\n\n\n\n<div class=\"wp-block-columns is-layout-flex wp-container-core-columns-is-layout-9d6595d7 wp-block-columns-is-layout-flex\">\n<div class=\"wp-block-column is-layout-flow wp-block-column-is-layout-flow\">\n<div id=\"section-g31e676\" class=\"wp-block-gutentor-e1 section-g31e676 gutentor-element gutentor-element-advanced-text text-align-center-desktop text-align-center-mobile\"><div class=\"gutentor-text-wrap\"><p class=\"gutentor-text\"><img loading=\"lazy\" decoding=\"async\" width=\"250\" height=\"237\" class=\"wp-image-476\" style=\"width: 250px;\" src=\"https:\/\/animaltech.com.uy\/sitio\/wp-content\/uploads\/2022\/05\/DataFlowII.jpg\" alt=\"\"><br><br><strong>DataFlow\u2122 II<\/strong><br>El sistema DataFlow\u2122 II proporciona potentes herramientas de gesti\u00f3n, incluidos informes, gr\u00e1ficos, an\u00e1lisis, listas de tareas e historial de tarjetas de vacas de por vida.<\/p><\/div><\/div>\n\n\n\n<div id=\"section-g058e02\" class=\"wp-block-gutentor-e2 section-g058e02 gutentor-element gutentor-element-button button-align-center-desktop button-align-center-mobile\"><span class=\"gutentor-button-wrap\"><a class=\"gutentor-button gutentor-block-button gutentor-icon-hide\" href=\"https:\/\/animaltech.com.uy\/sitio\/soluciones\/tecnologias-automatizacion-ordeno\/dataflow-ii\/\"><i class=\"gutentor-button-icon fas fa-book\"><\/i><span>Leer m\u00e1s<\/span><\/a><\/span><\/div>\n<\/div>\n\n\n\n<div class=\"wp-block-column is-layout-flow wp-block-column-is-layout-flow\">\n<div id=\"section-g333d79\" class=\"wp-block-gutentor-e1 section-g333d79 gutentor-element gutentor-element-advanced-text text-align-center-desktop text-align-center-mobile\"><div class=\"gutentor-text-wrap\"><p class=\"gutentor-text\"><img loading=\"lazy\" decoding=\"async\" width=\"250\" height=\"237\" class=\"wp-image-477\" style=\"width: 250px;\" src=\"https:\/\/animaltech.com.uy\/sitio\/wp-content\/uploads\/2022\/05\/SerieMC200.jpg\" alt=\"\"><br><br><strong>Serie MC200<\/strong><br>Obtenga datos de rendimiento de leche altamente precisos y mejore la eficiencia de su proceso de orde\u00f1o, con un sistema de control de orde\u00f1o avanzado [\u2026]<\/p><\/div><\/div>\n\n\n\n<div id=\"section-g83ec22\" class=\"wp-block-gutentor-e2 section-g83ec22 gutentor-element gutentor-element-button button-align-center-desktop button-align-center-mobile\"><span class=\"gutentor-button-wrap\"><a class=\"gutentor-button gutentor-block-button gutentor-icon-hide\" href=\"https:\/\/animaltech.com.uy\/sitio\/soluciones\/tecnologias-automatizacion-ordeno\/serie-mc200\/\"><i class=\"gutentor-button-icon fas fa-book\"><\/i><span>Leer m\u00e1s<\/span><\/a><\/span><\/div>\n<\/div>\n\n\n\n<div class=\"wp-block-column is-layout-flow wp-block-column-is-layout-flow\">\n<div id=\"section-gded2d1\" class=\"wp-block-gutentor-e1 section-gded2d1 gutentor-element gutentor-element-advanced-text text-align-center-desktop text-align-center-mobile\"><div class=\"gutentor-text-wrap\"><p class=\"gutentor-text\"><img loading=\"lazy\" decoding=\"async\" width=\"250\" height=\"237\" class=\"wp-image-478\" style=\"width: 250px;\" src=\"https:\/\/animaltech.com.uy\/sitio\/wp-content\/uploads\/2022\/05\/Pulsadores.jpg\" alt=\"\"><br><br><strong>Pulsadores<\/strong><br>El dise\u00f1o mec\u00e1nico simple garantiza un funcionamiento fiable Los pulsadores Allflex son muy fiables, incluso cuando funcionan en entornos polvorientos.<\/p><\/div><\/div>\n\n\n\n<div id=\"section-g3feee7\" class=\"wp-block-gutentor-e2 section-g3feee7 gutentor-element gutentor-element-button button-align-center-desktop button-align-center-mobile\"><span class=\"gutentor-button-wrap\"><a class=\"gutentor-button gutentor-block-button gutentor-icon-hide\" href=\"https:\/\/animaltech.com.uy\/sitio\/soluciones\/tecnologias-automatizacion-ordeno\/pulsadores-2\/\"><i class=\"gutentor-button-icon fas fa-book\"><\/i><span>Leer m\u00e1s<\/span><\/a><\/span><\/div>\n<\/div>\n<\/div>\n\n\n\n<p><\/p>\n","protected":false},"excerpt":{"rendered":"","protected":false},"author":1,"featured_media":0,"parent":60,"menu_order":0,"comment_status":"closed","ping_status":"closed","template":"","meta":{"footnotes":""},"class_list":["post-325","page","type-page","status-publish","hentry"],"_links":{"self":[{"href":"https:\/\/animaltech.com.uy\/sitio\/wp-json\/wp\/v2\/pages\/325","targetHints":{"allow":["GET"]}}],"collection":[{"href":"https:\/\/animaltech.com.uy\/sitio\/wp-json\/wp\/v2\/pages"}],"about":[{"href":"https:\/\/animaltech.com.uy\/sitio\/wp-json\/wp\/v2\/types\/page"}],"author":[{"embeddable":true,"href":"https:\/\/animaltech.com.uy\/sitio\/wp-json\/wp\/v2\/users\/1"}],"replies":[{"embeddable":true,"href":"https:\/\/animaltech.com.uy\/sitio\/wp-json\/wp\/v2\/comments?post=325"}],"version-history":[{"count":29,"href":"https:\/\/animaltech.com.uy\/sitio\/wp-json\/wp\/v2\/pages\/325\/revisions"}],"predecessor-version":[{"id":561,"href":"https:\/\/animaltech.com.uy\/sitio\/wp-json\/wp\/v2\/pages\/325\/revisions\/561"}],"up":[{"embeddable":true,"href":"https:\/\/animaltech.com.uy\/sitio\/wp-json\/wp\/v2\/pages\/60"}],"wp:attachment":[{"href":"https:\/\/animaltech.com.uy\/sitio\/wp-json\/wp\/v2\/media?parent=325"}],"curies":[{"name":"wp","href":"https:\/\/api.w.org\/{rel}","templated":true}]}}